
False
Suppose 4*w - 3*w - 144476 = 5*i, -3*i - 144474 = -w. Is w composite?
True
Suppose 0*k + 4*k = 20. Suppose 0 = -2*b + n + 914, -3*b + 2*n = -218 - 1153. Suppose 3*l + 62 = k*m - 392, 4*l + b = 5*m. Is m a prime number?
True
Let n(y) = 57*y**2 + 3*y + 50. Let p be n(-9). Suppose 45552 = 16*o - p. Is o composite?
False
Suppose -19*o + 18*o = -12. Suppose o*p - 21*p = -45405. Is p a prime number?
False
Suppose 0 = -0*j - 5*j - 5975. Let h(b) = -8*b**3 + 5*b**2 - 2*b - 4. Let x be h(4). Let f = x - j. Is f a prime number?
True
Suppose 0 = -4*b + 4*y + 24, 2*y - 2 = -3*b + y. Let p be (2/3)/(38/171). Suppose 2*i - k = b*k + 146, p*i = 4*k + 217. Is i composite?
False
Let s(p) = -p + 8. Suppose -2*q - q + 4*i = -27, -2*i + 45 = 5*q. Let t be s(q). Is (2340/(-2) + -3 + 2)/t a composite number?
False
Suppose -3*f - 4*p = -9325, 51 = 4*p + 59. Let c = 458 + f. Is c composite?
True
Suppose -3*c + 256742 = 23*s - 22*s, -4*c = -4*s + 1027048. Is s a composite number?
False
Suppose u - 734872 = -62*h + 59*h, 734874 = 3*h + 3*u. Is h a composite number?
False
Suppose -3*r = 2*p - 147, -4*p - 305 = -9*p + 5*r. Let k = 98 - p. Let v = k + 261. Is v a composite number?
False
Let a be (5/25)/((-1)/(-85)). Suppose -14*s = -a*s + 57. Suppose -25*r + s*r + 510 = 0. Is r a composite number?
True
Let o(g) = -4*g - 44. Let b be o(-11). Suppose 3*f + 4*d - 2505 = b, -1042 = -3*f + 5*d + 1436. Is f prime?
False
Suppose 0 = 5*s - f + 3382 - 14542, f = -4*s + 8928. Suppose -790 = 7*p - s. Let q = 205 + p. Is q a prime number?
False
Suppose -f - 76 = f. Let h(y) = -67*y - 123. Is h(f) a prime number?
True
Let w = 4387 + -4385. Suppose 3266 = 4*g + 2*d, -g + 5*g - 3287 = 5*d. Suppose 0*t + g = w*t. Is t a composite number?
False
Let x(b) = 4*b + 70. Let q be x(-16). Is (0 + 34680)/q - 9 prime?
False
Let o(u) = 2 - 14*u + 50*u - 3*u**2 - 24*u. Let f be o(4). Suppose 2*m = 5*b + 1554, -2*m - b = f*b - 1586. Is m prime?
True
Suppose -489*k + 494*k - 165 = 0. Let m = 0 - -5. Suppose o + k - 182 = -2*w, -3*o + 491 = -m*w. Is o a composite number?
False
Let t be -4 - (-2 + (0 - 0)). Let j be (63/42)/(t/((-33608)/6)). Suppose -5*o + j = 1046. Is o prime?
True
Let a(o) = 222*o - 3 - 221*o + 23. Let b be a(-20). Suppose 3*p + b*p = 1749. Is p a composite number?
True
Is -5 + (-10 - 22302374)/(-24) a prime number?
True
Suppose -3*u = 4*d - 296, u - d - 478 = -4*u. Suppose -104*s + 303368 = -u*s. Is s a composite number?
True
Suppose -3*x - 4 = 11. Let b(f) be the second derivative of -653*f**3/6 + 17*f**2 - 78*f - 1. Is b(x) a composite number?
False
Let y(r) = 15*r - 42. Let d be y(3). Suppose 4*q - 8*q + 3*a = -145, 0 = -d*q + 3*a + 108. Suppose -4*g + s = -5664, 1384 = g + s - q. Is g composite?
True
Let l(v) = -210*v**3 - 4*v**2 - 19*v + 77. Is l(-24) composite?
True
Is ((-36054)/72)/((-9)/828) prime?
False
Let z = -129 - -130. Let j be (4 - 3)*(z/(-1) + -2110). Is (-7)/14 + j/(-2) a prime number?
False
Let h be (-5)/35 - 449/(-7). Suppose h*b - 17013 = 61*b. Is b composite?
True
Let h be 648/30 + (-4)/(-10). Is (h/(-8))/((-10)/4040) composite?
True
Suppose 0 = -3*l + o + 116172, 3*l = 8*l - 2*o - 193621. Is l composite?
False
Let h(p) = 5*p + 22. Let l be ((-2)/2)/((-10)/(-60)). Let v be h(l). Is (-4)/v*(1 - -1593) prime?
True
Let s(n) = -73*n**3 + 164*n**2 + 290*n - 60. Is s(-31) a prime number?
True
Let z(v) be the second derivative of -v**3/3 + 11*v**2/2 - v. Let m be z(5). Is (m - 0)*(69 - (-6)/(-3)) composite?
False
Let y = 745 - 355. Suppose 2*j = 1084 + y. Is j composite?
True
Let y = -2325 + 3515. Let t = y - 298. Suppose -4*p + t = -1816. Is p a prime number?
True
Suppose -3*y + 115266 = 3*r, 184540 = 5*y + 4*r - 7565. Is y composite?
True
Suppose -8*b + 66 = 3*b. Let t be b + (0/(-2))/(-1). Let w(o) = 20*o + 3. Is w(t) composite?
True
Let c(l) = 2*l**3 - 14*l**2 - 9*l + 41. Suppose 144*b = 148*b - 48. Is c(b) prime?
True
Let r = 7723744 - 3712419. Is r/375 + (-2)/(-15) a prime number?
False
Let f(n) = -n**3 + 28*n**2 - 6*n + 1777339. Is f(0) prime?
True
Suppose 2*p - 6*p + 12 = 0. Suppose -m = 4*m - p*c - 8914, 1778 = m + c. Is m composite?
True
Let o be (-4677296)/(-44) + 22/(-121). Is ((-2)/(-6))/(2*7/o) composite?
False
Suppose n = -4*m + 434639, 6*m - 3*m + 6 = 0. Is n prime?
True
Suppose -238403 = -z + n, -25*z + 34*z - 2145575 = -4*n. Is z a prime number?
False
Let b = 48 - 113. Let u = 72 + b. Suppose 0 = u*a + 11988 - 45973. Is a prime?
False
Suppose 15*c = 49*c - 662660. Let z = c - 13243. Is z a prime number?
True
Let f = 142316 - 57235. Is f composite?
False
Let p(u) = 11 - 925*u**3 + 1 - 2*u**2 + 5*u**2 + 922*u**3 + 16*u. Is p(-5) a composite number?
True
Suppose 0 = j + b, 0*j - 5*b = -j - 24. Let x be ((-6)/(-9))/(j + (-21395)/(-5349)). Let r = x - -5605. Is r a composite number?
False
Suppose 0 = -1368*y + 1400*y - 12567166 - 4278498. Is y composite?
True
Suppose -4*z + 1926 + 3058 = 0. Suppose 0 = -3*a + 5*a - z. Is a composite?
True
Suppose 2*t - 16 = 0, 2*o + 110*t - 106*t - 905614 = 0. Is o prime?
False
Suppose 7*s - 11*s + 2672 = 0. Let u = s - -1937. Is u composite?
True
Let q be (40/50)/(2/8465). Is (-7)/(-8 + -6)*q prime?
True
Let y(k) = k**3 - 38*k**2 + k - 30. Let b be y(38). Suppose 14*z = b + 8798. Is z a prime number?
False
Let j(r) = 11*r**2 - 7*r + 2. Let a be j(-6). Suppose -c = 4*c - 25. Suppose -3*f = -w - 342, -4*w = c*f - f - a. Is f prime?
True
Suppose -5*l + 20 = m - 14, 0 = 4*l - 16. Suppose 6*n - m = 4. Suppose 1145 + 478 = n*c. Is c composite?
False
Let a be 9/((-126)/102935) + (-3)/6. Let b = -2195 - a. Is b a prime number?
False
Suppose -463*x + 154655 = -462*x. Is x prime?
False
Let n(x) = -x**3 - 7*x**2 - 2*x - 17. Let k be n(-7). Is (-6)/(-21) + (-29424)/(-14) + k a composite number?
False
Suppose 4*f = 5*o - 517, -5*o + 285 + 244 = 2*f. Is (14284/(-10))/((-42)/o) a composite number?
False
Suppose -16*b + 370892 = -261060. Is b composite?
True
Let i = -102632 - -150940. Suppose -4*k - i = -8*k. Is k prime?
False
Suppose 4*q - 34 = -10. Suppose -q*h - 388 + 43954 = 0. Is h a composite number?
True
Let u = 24968 - 12325. Is u prime?
False
Suppose -71735 = -68*c + 63*c. Let f = c + -9962. Is f prime?
False
Let m = -94413 + 166810. Is m a prime number?
False
Suppose -12*a + 10*a + 116 = 0. Let n = a - 55. Suppose n*s + 6 = 0, 5*v - 2*v = s + 269. Is v a prime number?
True
Is 6 + 25/(-4 - (-6 - (-5181)/2591)) composite?
False
Is (-7 - -16)/(6/4) + (3 - -104593) a composite number?
True
Is (1414812386/69)/17 - 2/(-6) prime?
False
Let h be 3605 + (-1)/(1/(4 - 3)). Let w be (-11732)/6 - (-3 + -1)/12. Let r = h + w. Is r prime?
False
Let n = -582 - -826. Let j be -1*(-59 - 1*-2). Suppose n = i + j. Is i a composite number?
True
Let v = 429119 + 91532. Is v composite?
True
Let i = 32479 + 9484. Suppose 16*z - i + 9883 = 0. Is z composite?
True
Let x(o) = 25965*o - 409. Is x(4) prime?
True
Suppose 135*s - 277377871 = -33*s - 181*s. Is s prime?
True
Suppose 4*u - 67 = 49. Suppose -5*c + 2*f = 5*f - u, 4*c + 4*f = 28. Suppose 0 = c*g + k - 729, 3*g - k - 738 = -200. Is g a composite number?
False
Let d = -74084 + 262413. Is d a prime number?
False
Suppose -3*y = -3*h + 8*h - 11, 0 = h - 2*y - 10. Suppose -2*b - 1451 = -m, -2*b + 7315 = h*m + m. Is m a prime number?
False
Suppose 4*f = 2*c + 14542, 0*c + 5*c = -5*f + 18155. Suppose -5*v - f = -4*j, 3*v + 2 = 2*v. Let u = j + -509. Is u a composite number?
False
Let c = -700 - 144. Let m = 2514 + c. Suppose m + 215 = 5*t. Is t a composite number?
True
Let l(s) = s**3 + 12*s**2 + 6*s - 14. Let b be l(-8). Let g be 0 + 1 - -2 - (0 - b). Suppose g = 3*i - 70. Is i prime?
True
Suppose -236205 = -3*p + 5*z, 13*p - 236259 = 10*p - 4*z. Is p a composite number?
True
Suppose 4*j - 5*u = 660644, 6*u - 660644 = -4*j + 8*u. Is j a prime number?
True
Suppose 0 = -9*w + 9404 + 22870. Is w - (-1 - (-3 - -3)) a composite number?
True
Suppose 6*l - 9*l = 2*h - 47935, -3*h = -3*l - 71910. Is h a composite number?
True
Let j(f) = -3*f**3 + 2*f**2 - f - 2. Let a be j(-2). Let p = a - -58. Suppose g + h = p, 4*g + 7*h - 4*h = 363. Is g composite?
True
Let k(a) = a**3 - 4*a**2 + 6. Let f be k(3). Let r be (-54707)/f + 3 + 2/6. Suppose -20*d + r = -7*d. Is d a prime number?
False
Let r(x) = -24*x +